-2*w - 8 = -144. List the prime factors of w.
2, 17
Suppose -5*p + 3*q = -384, 1 = q - 1. List the prime factors of p.
2, 3, 13
Let d(j) = j**3 + 3*j**2. Let o be d(-3). Suppose o = -h + 2*h - 2*n - 11, -2*h - 14 = 5*n. Suppose -36 = -0*s - h*s. List the prime factors of s.
2, 3
Let w(c) = -c**2 - 9*c + 13. What are the prime factors of w(-8)?
3, 7
Let q = -28 + 34. What are the prime factors of q?
2, 3
Suppose 5 - 125 = -3*r. Suppose -r = -g - 4*g. What are the prime factors of g?
2
List the prime factors of -7*(3 + -6) + 1.
2, 11
Let q be (2 - (1 - 0))*5. Suppose 0 = q*r - 3*f - 6, -2*r - 3*f = f - 18. Suppose 0 = 3*i - r*j - 0*j - 27, 5*i - 57 = j. List the prime factors of i.
2, 3
Suppose 139 = 3*j - 56. List the prime factors of j.
5, 13
Let s = 205 - 136. Let b = -14 + s. List the prime factors of b.
5, 11
Suppose 2*a - q = 242, q = 2*a + a - 362. Suppose v + 4*p = p + 44, 3*v = 3*p + a. Let i = v - 29. What are the prime factors of i?
2, 3
Let a(q) = q**3 + q**2 + 6. Let d(l) = -l - 1. Let z(n) = -2*n - 2. Let m(y) = -3*d(y) + 2*z(y). Let j be m(-1). List the prime factors of a(j).
2, 3
Let w(l) = -4*l + 5. List the prime factors of w(-13).
3, 19
Suppose -2*h + 546 = -4*n, -5*n = 3*h - 6*n - 829. List the prime factors of h.
277
Suppose 63 = 4*c - 9. List the prime factors of c.
2, 3
Let m = 234 - 121. What are the prime factors of m?
113
Let g(v) = 0 + 1 + 2*v + 4 - 2. Let j be g(12). Suppose j = -d + 4*d. What are the prime factors of d?
3
Suppose 1 = n - 3. Suppose 0 = -6*t - 12. Let a = t + n. List the prime factors of a.
2
Let c = -2 - 2. Let s(g) = -g**2 - 6*g - 2. What are the prime factors of s(c)?
2, 3
Suppose 4*x - 2*c - 112 = 0, -x = -c - 8 - 18. What are the prime factors of x?
2, 3, 5
Let j = -4 - -3. Let u be (j + 1 + 0)/3. Suppose 0 = 5*s + 3*z - 96, -2*s - 3*z + 42 = -u*s. List the prime factors of s.
2, 3
Let d(p) = -4*p**3 + 2*p**2 + 3*p - 1. What are the prime factors of d(-3)?
2, 29
What are the prime factors of (-568)/(-28) + (-4)/14?
2, 5
Let l(h) = -h**2 - 4*h - 2. Let v be l(-2). Suppose 0 = 2*i - 2, 4*x - 37 = -v*i - 3*i. List the prime factors of x.
2
Suppose 45 = -4*z - h, h = -z - 3*h - 15. Let w(k) = k**3 + 11*k**2 - 2*k - 13. What are the prime factors of w(z)?
3
Suppose 2*k - 4 = 2. Let r(p) = 2*p**2 + p - 1. List the prime factors of r(k).
2, 5
Suppose 6*c - 2*h - 7 = 3*c, h = -c + 9. Suppose -c*u + 22 = -4*u. Suppose y - 4*y + 3*s = -39, -2*y + s = -u. List the prime factors of y.
3
Suppose -4*k = k + 2*c - 141, 93 = 3*k - 3*c. What are the prime factors of k?
29
Let j = -9 + 3. Let b = 6 - j. List the prime factors of b.
2, 3
Suppose -8*m + 12*m - 200 = 0. List the prime factors of m.
2, 5
Let c(k) be the second derivative of -k**3/3 + 3*k**2/2 + k. Suppose -6*o = -2*o + 20. What are the prime factors of c(o)?
13
Let o(r) = r - 5. Let y be o(5). What are the prime factors of (0 - 4)/(y + -1)?
2
Let g(z) be the third derivative of -13*z**4/24 - 7*z**3/6 + 2*z**2. Let d(c) = -7*c - 4. Let x(s) = -11*d(s) + 6*g(s). What are the prime factors of x(-6)?
2
Let i = 27 - 25. Suppose -10 = -2*j + 2*r + 2*r, -4*j = 3*r - 9. Suppose j = -g + i*g. What are the prime factors of g?
3
Suppose 0 = 4*w - 160 - 96. Let y = -44 + w. List the prime factors of y.
2, 5
Let x(l) = 7*l**2. Let c be x(-1). Suppose -c*p + 3*p = -116. What are the prime factors of p?
29
Let o(s) = -s**2 + 2*s + 6. Let g be o(6). Let a = 33 + g. List the prime factors of a.
3, 5
Let q(p) = p**3 - 9*p**2 + 3*p - 4. Let w be q(9). Suppose -5*m + 72 = -w. List the prime factors of m.
19
Suppose -4*h + 129 = 5. Suppose 2*r - 3*r + h = 5*b, 3*b = 15. Let i = 1 + r. List the prime factors of i.
7
Let v be (-15)/(-20) - 23/4. Let j = 0 - v. What are the prime factors of j?
5
Suppose 0*y + 5*y - 35 = -5*i, 5 = y. Suppose -39 = -u - i*u - 2*p, -2*p + 6 = 0. What are the prime factors of u?
11
Let x(r) = -r**3 - 10*r**2 - 8*r + 9. Suppose -24 - 12 = 4*v. Let g be x(v). What are the prime factors of 7/(2/2) + g?
7
Suppose 34 = -0*k + k. Suppose 0 = 2*j - 0*j - k. What are the prime factors of j?
17
Let t be (-1)/(-2 - 14/(-6)). List the prime factors of t/1 + (-3 - -8).
2
Let m(w) = w**2 - 8*w + 6. Let n be m(6). Let r(g) = g**2 + 6*g + 7. What are the prime factors of r(n)?
7
List the prime factors of (4/(-5))/((-12)/30).
2
Suppose 0*u + u = 4*h - 7, -2 = -2*u + 4*h. Suppose -72 = 5*j - u*j. List the prime factors of j.
2, 3
List the prime factors of 2/5 - (-2496)/60.
2, 3, 7
Let r = -2 + 1. Let u(a) = a**2 - 7*a + 1. Let c be u(7). Let o = c - r. What are the prime factors of o?
2
Let z be (-2)/1*(-3)/(-2). Let v be ((-2)/z)/(1/(-72)). What are the prime factors of v/(-4) + 0 + 0?
2, 3
Let b = -13 + 15. List the prime factors of b.
2
What are the prime factors of -12*7/(-42) - 317*-1?
11, 29
Let p(h) = 5*h - 2 + 2*h**2 - 3*h**2 + 0*h**2. Let g be p(3). Suppose -4*o + g = 0, 2*o + o = -w + 14. What are the prime factors of w?
11
Let n(p) = -3*p. Let x(b) = -3*b + 1. Let y(a) = -3*n(a) + 4*x(a). Let v be y(-3). Let w = v - 1. What are the prime factors of w?
2, 3
Let x = -21 - -43. Suppose 2*o - 3 = u - 2*u, -5*u - 3*o + x = 0. What are the prime factors of u?
5
Let d(r) = -r**2 + 10*r - 8. Let v be -1 + 9 - (2 + -2). Let c be d(v). Let t = c + -1. List the prime factors of t.
7
Suppose 9*x - 7*x - 366 = 0. List the prime factors of x.
3, 61
Suppose 0 = 3*n + 3*w + 6, 3*n - 2*w = -3*w + 2. Let t = 8 + n. Suppose t = 2*r, 0 = d + 2*d + 5*r - 73. List the prime factors of d.
2
What are the prime factors of (7/(-14))/(1/(-6))?
3
Let w be 4/(-14) - 2108/(-28). Suppose 8*s - w = 3*s. What are the prime factors of s?
3, 5
Let o be (-193 - 2)*(-2)/5. Suppose -3*y + o = 3*w, y = 5*w - 0 - 4. List the prime factors of y.
3, 7
Let i = 1 + 2. Suppose 2*a - 4*y = 34, i*y = 2*a - 18 - 12. List the prime factors of a.
3
Let g(x) = -16*x. List the prime factors of g(-2).
2
Let c(z) = -z**3 - 6*z**2 - 8*z - 6. Let q be c(-5). Let n be -5 + -1 + 0/6. Let l = n + q. What are the prime factors of l?
3
Suppose 0 = 5*y - 5*m - 420, 3*y - 5*m - 49 = 209. List the prime factors of y.
3
Let m(z) = 5*z + 4 + z**3 - 7*z**2 + 3 + 0. Let s be m(6). Suppose 8 - s = f. What are the prime factors of f?
7
Let p(g) = g**2 + 17*g - 49. What are the prime factors of p(-21)?
5, 7
What are the prime factors of 46*(9 + -1 + 0)?
2, 23
Suppose 3*d + 30 = 8*d. Suppose d*p - 9 = 3*p. List the prime factors of p.
3
Suppose 0 = 2*c - 5*q - 171, c + 2*q = -2*q + 53. What are the prime factors of c?
73
Suppose 1 = n - 1. Suppose 5*g - n*q = -q + 22, 2*g = -q + 13. List the prime factors of g.
5
Let j(t) = -t**3 - 22*t**2 - 4*t - 3. List the prime factors of j(-22).
5, 17
Let j(h) = -h**3 - 5*h**2 - 3*h + 5. Let u be j(-4). List the prime factors of (7 - (u + -4)) + 0.
2, 5
List the prime factors of (-336)/(-30) - (-2)/(-10).
11
Suppose 3*o - 3 = 0, -5*m = -m - 4*o - 20. Let q(z) = -z**2 + 8*z - 8. Let c be q(m). Suppose c*y - 85 = -y. What are the prime factors of y?
17
Let c be 0 - 7/(2 - 1). Let q(a) = -11*a**2 - 13*a + 38. Let l(k) = -7*k**2 - 9*k + 25. Let d(z) = 8*l(z) - 5*q(z). List the prime factors of d(c).
2, 5
Suppose -3*s + x + 119 = 0, 3*s = -0*s - 5*x + 107. List the prime factors of s.
3, 13
Suppose -590 = 4*j - 9*j. What are the prime factors of j?
2, 59
Let u(n) = 2*n**2. Let g be 6 - (-2 + 2) - 1. Suppose 3*w = -4*i + 8, -g*i + 4*w = -0*i - 10. What are the prime factors of u(i)?
2
List the prime factors of 1*(-7)/(-2)*12.
2, 3, 7
Let g = -57 - 0. Let i = -40 - g. Suppose 3*n - 3*o = o + 53, 2*n = -o + i. What are the prime factors of n?
11
Suppose 0 = -5*v - 5*j + 54 - 9, 2*v - 19 = -j. List the prime factors of (-20)/8*(-8)/v.
2
Let m(u) be the first derivative of 1 - 1/3*u**3 + 7/2*u**2 - 5*u. What are the prime factors of m(4)?
7
Suppose -4 = 4*x, 5*j - x - 303 = 2*x. Suppose 4*o - j = -o. What are the prime factors of o?
2, 3
Suppose j + 2*j - 37 = -m, -5*j + m + 51 = 0. Suppose 121 = 5*v + j. List the prime factors of (3 - v)*2/(-2).
19
Let i(q) = 5*q**2 - 1. Let p be i(-1). Let m be (-164)/(-16) - 1/p. Suppose m = y - 10. List the prime factors of y.
2, 5
Let b(a) = a**3 + 6*a**2 - a - 6. Let w be b(-6). Suppose w*i - 17 = -i. List the prime factors of i.
17
Let g(s) = -3*s 